mber?
False
Is 7676013 a composite number?
True
Is 1664393 composite?
True
Is 30382003 a prime number?
True
Is 2986771 a composite number?
True
Is 17548645 a prime number?
False
Is 1558559 prime?
True
Is 2211427 a composite number?
True
Is 534811 prime?
True
Is 110273191 composite?
True
Is 5934493 prime?
True
Is 112288661 prime?
False
Is 2721262 prime?
False
Is 9962911 prime?
False
Is 5229899 prime?
True
Is 2491157 composite?
True
Is 3143641 a composite number?
False
Is 2847127 a composite number?
False
Is 14742437 a composite number?
False
Is 920297539 a prime number?
False
Is 244163 a prime number?
False
Is 10484519 composite?
True
Is 1052283887 composite?
False
Is 5180849 composite?
True
Is 38702581 composite?
False
Is 29999819 composite?
False
Is 91634899 composite?
False
Is 572201471 a prime number?
True
Is 40268807 composite?
False
Is 130043 a composite number?
False
Is 299344741 a composite number?
False
Is 41294651 a prime number?
True
Is 24914933 a prime number?
False
Is 124511 composite?
True
Is 95277453 a prime number?
False
Is 133015119 prime?
False
Is 65761 a prime number?
True
Is 2937809 composite?
True
Is 186794527 a prime number?
False
Is 51412061 a prime number?
False
Is 8702311 a prime number?
True
Is 164430289 composite?
True
Is 2612261 a composite number?
True
Is 87248813 prime?
True
Is 38638885 prime?
False
Is 23785609 prime?
True
Is 5912461 a prime number?
True
Is 167608093 prime?
False
Is 35016647 a prime number?
False
Is 3583969 composite?
True
Is 85919347 prime?
True
Is 215443 prime?
True
Is 1315367 prime?
True
Is 596833863 a composite number?
True
Is 184543783 prime?
True
Is 5429183 a prime number?
False
Is 174507019 a composite number?
True
Is 47360663 a composite number?
True
Is 3296087 a prime number?
False
Is 45152699 a composite number?
True
Is 53830783 a composite number?
False
Is 10819427 a prime number?
True
Is 84286991 a prime number?
True
Is 135383 composite?
True
Is 72299491 prime?
False
Is 19696163 a prime number?
True
Is 391991 a prime number?
False
Is 81479063 prime?
True
Is 10563737 prime?
False
Is 1906237 a composite number?
False
Is 40461403 composite?
False
Is 29979877 a prime number?
False
Is 11435173 composite?
True
Is 154571077 prime?
False
Is 156637681 a prime number?
False
Is 11191681 a prime number?
True
Is 7506011 composite?
False
Is 120481 prime?
False
Is 26490757 composite?
False
Is 204556057 a composite number?
True
Is 34444429 a prime number?
False
Is 6115402 a composite number?
True
Is 116605 a prime number?
False
Is 3678959 a composite number?
True
Is 27449 prime?
True
Is 803651 a prime number?
True
Is 57028733 a composite number?
False
Is 415961323 a composite number?
True
Is 31253867 a composite number?
True
Is 642493 a prime number?
False
Is 6016981 a prime number?
False
Is 7412057 a prime number?
True
Is 172586371 composite?
False
Is 1203679 a prime number?
False
Is 10260967 composite?
True
Is 2770385 composite?
True
Is 464508041 prime?
True
Is 39052943 composite?
False
Is 776491 composite?
True
Is 18068039 a composite number?
True
Is 1481797 prime?
True
Is 28386823 composite?
False
Is 2074643 a composite number?
False
Is 52877093 prime?
False
Is 79926737 composite?
True
Is 497411 composite?
False
Is 186349643 a prime number?
False
Is 22970929 a composite number?
True
Is 1902671 prime?
True
Is 50995673 a composite number?
False
Is 124961039 a prime number?
False
Is 311877559 a prime number?
False
Is 1319239 composite?
True
Is 14707543 a composite number?
True
Is 686526339 prime?
False
Is 2492471 composite?
True
Is 14872889 a composite number?
True
Is 37577461 a prime number?
False
Is 72362321 prime?
True
Is 11250913 a prime number?
True
Is 195174607 composite?
False
Is 17093809 a composite number?
True
Is 3666409 prime?
True
Is 9349573 a composite number?
True
Is 95733623 prime?
True
Is 19839563 a composite number?
False
Is 19707487 a composite number?
False
Is 148058881 a prime number?
False
Is 21587171 composite?
False
Is 403048207 composite?
False
Is 36718373 a prime number?
False
Is 91501 a prime number?
False
Is 657817 a composite number?
True
Is 187692394 composite?
True
Is 35327443 prime?
True
Is 4042939 a composite number?
False
Is 15393489 composite?
True
Is 582579799 a prime number?
False
Is 42774791 a prime number?
True
Is 53773 a composite number?
False
Is 145561 prime?
False
Is 24515521 a composite number?
True
Is 9853237 prime?
True
Is 35695097 a prime number?
True
Is 78731501 prime?
True
Is 258480907 prime?
True
Is 129301663 a prime number?
True
Is 113409937 composite?
False
Is 1388201 composite?
True
Is 732601 composite?
False
Is 35287043 a composite number?
True
Is 99961 a prime number?
True
Is 37943987 a composite number?
False
Is 1294339 composite?
False
Is 36357707 a prime number?
False
Is 5995853 a prime number?
True
Is 11956801 composite?
False
Is 29214481 composite?
True
Is 2191687 a prime number?
True
Is 168783829 composite?
False
Is 30682885 a composite number?
True
Is 15184427 a prime number?
True
Is 350148913 composite?
False
Is 61853 a prime number?
False
Is 3912371 a prime number?
False
Is 3026389 composite?
False
Is 37523293 composite?
True
Is 1689691 a prime number?
False
Is 365460049 prime?
True
Is 36847 composite?
False
Is 2888131 a composite number?
True
Is 73231573 prime?
True
Is 112079129 a composite number?
False
Is 59989829 a composite number?
False
Is 1529113 prime?
False
Is 85219847 composite?
False
Is 61328563 composite?
False
Is 131631131 a prime number?
True
Is 1167911 prime?
False
Is 157399367 a composite number?
False
Is 192339401 a prime number?
False
Is 44750521 composite?
True
Is 552887 composite?
False
Is 169240093 prime?
False
Is 694770383 prime?
True
Is 55336843 composite?
True
Is 3883541 composite?
False
Is 1595929 prime?
True
Is 2282713 composite?
True
Is 247523 composite?
True
Is 47384329 a prime number?
True
Is 144293693 a composite number?
True
Is 1220657 prime?
True
Is 259477249 a composite number?
False
Is 271919 prime?
True
Is 1180649 a composite number?
True
Is 10943362 a prime number?
False
Is 45799631 a composite number?
False
Is 696455 a prime number?
False
Is 57435679 composite?
True
Is 3352199 composite?
False
Is 1143239 a prime number?
True
Is 2836207 composite?
True
Is 145649 composite?
True
Is 52677127 a prime number?
False
Is 154601817 prime?
False
Is 2334697 a prime number?
False
Is 35430629 a composite number?
True
Is 206438773 a composite number?
True
Is 14876993 composite?
True
Is 296385707 composite?
False
Is 367814053 prime?
True
Is 297230147 prime?
False
Is 3300421 composite?
True
Is 6615991 a composite number?
True
Is 57497071 prime?
True
Is 50771213 composite?
False
Is 13985119 prime?
False
Is 75387001 a prime number?
True
Is 611393 a composite number?
False
Is 140056571 a composite number?
True
Is 85930877 prime?
True
Is 16960217 prime?
False
Is 43301217 prime?
False
Is 3238226 a prime number?
False
Is 16966621 a prime number?
False
Is 127189 a prime number?
True
Is 30510539 a prime number?
True
Is 22590559 prime?
True
Is 451933 prime?
True
Is 37609003 composite?
False
Is 59473451 a prime number?
False
Is 14014829 composite?
True
Is 23116073 a composite number?
True
Is 8989459 a prime number?
True
Is 237077 a prime number?
False
Is 52642613 a composite number?
False
Is 190349879 a composite number?
False
Is 750059801 composite?
False
Is 7231709 a composite number?
False
Is 1818833 prime?
True
Is 4627983 prime?
False
Is 88961311 a prime number?
True
Is 544837 a composite number?
False
Is 78516509 a prime number?
True
Is 71104837 a composite number?
False
Is 14574283 composite?
False
Is 714155161 a composite number?
False
Is 4491871 a prime number?
True
Is 459850121 a composite number?
False
Is 860207 composite?
True
Is 230544397 a composite number?
False
Is 56491107 composite?
True
Is 3577201 composite?
True
Is 4301497 composite?
False
Is 533527 prime?
False
Is 715361 prime?
True
Is 1821959 composite?
False
Is 2800769 prime?
True
Is 21307438 a composite number?
True
Is 6771911 a composite number?
False
Is 555114859 composite?
True
Is 655713911 prime?
False
Is 3058549 prime?
False
Is 9639401 a prime number?
True
Is 896693 a composite number?
True
Is 21366581 a composite number?
False
Is 571239601 compos